tors of z.
13
Suppose -10 = -4*b + 26. List the prime factors of b.
3
Let v(n) = -n**2 + 27*n + 1 + n**2 + 4*n**3 - 28*n. Let k be v(1). Suppose 4*r = k*x - 13 - 31, 0 = -5*x - 5*r + 105. What are the prime factors of x?
2
Suppose 0 = -5*i - 10, -3*i + 825 = 5*o + 2*i. Let j = -100 + o. What are the prime factors of j?
67
Let x = -58 - -197. What are the prime factors of x?
139
Let n(l) = 5*l + 13. Let v be n(-4). Let d = 30 + v. What are the prime factors of d?
23
Let c be (-5)/((-10)/2)*0. Suppose -2*u + 6*u - 460 = c. What are the prime factors of u?
5, 23
Let g = 30 + -27. Suppose 0 = g*h + l + 9, 3*h - 3*l = -2*l - 9. What are the prime factors of (h - -5 - -38) + -3?
37
Suppose a = -2*a - 222. Let p = a - -147. List the prime factors of p.
73
Suppose -6*n + 136 = m - 3*n, -4*n = 5*m - 658. Let f = m + -66. List the prime factors of f.
2
Let a(v) = -v**3 - 11*v**2 - 10*v + 2. Let m be a(-12). What are the prime factors of (m/28)/(2/4)?
19
Let v = -95 + 108. Suppose -5*p + 523 = 3*c, -2*c = -5*p - v - 294. What are the prime factors of c?
2, 83
Let x(s) = -4*s**2 - 7 - 23*s - 3 + 2*s**2 + s**2. What are the prime factors of x(-19)?
2, 3, 11
Let b(r) = -2*r**2 + 3*r + 43. Let j be b(0). Suppose 0 = 2*i + i - 5*d + 46, 0 = -5*i - 3*d - 122. Let z = j + i. List the prime factors of z.
3, 7
Let n(p) = 2*p**2 + 7*p - 64. What are the prime factors of n(19)?
7, 113
Suppose t - 577 - 60 = 3*y, 423 = -2*y + t. List the prime factors of ((4 - 19)/(-5))/((-6)/y).
107
Suppose -v - 6 = -4*v. Suppose 2*l + v*t = 99 + 17, -116 = -2*l - 5*t. What are the prime factors of l?
2, 29
Let h(c) = 28*c - 1. Let y be h(-4). Let w = y + 177. What are the prime factors of w?
2
Suppose -31*f + 9935 = 5*r - 36*f, f = -3*r + 5977. What are the prime factors of r?
11, 181
Suppose 159 = 4*o - 3*o - 3*q, o = -q + 147. Suppose -4*u + t = -5*u + 50, -3*u + 4*t + o = 0. What are the prime factors of u?
2, 5
What are the prime factors of (1820/(-6))/(((-121)/(-11))/(-33))?
2, 5, 7, 13
Suppose -122 = x - 1195. List the prime factors of x.
29, 37
Let q(m) = 4*m**2 + 7*m + 6. Let i be q(-4). Suppose -t = 3*y - i, -t - 138 = -4*t - 3*y. What are the prime factors of t?
2, 3
Let c(a) = 12*a**2 + 0*a + 3*a**2 + a. Let r be c(-2). Let d = r - 41. List the prime factors of d.
17
List the prime factors of 5*18*((-20)/(-3) + -5).
2, 3, 5
Let w(z) = 27*z - 56. List the prime factors of w(6).
2, 53
Let t = -601 - -2306. What are the prime factors of t?
5, 11, 31
Let n(v) = 5*v**3 - 5*v**2 + 14*v + 3. List the prime factors of n(3).
3, 5
Suppose 0 = f - 3*u - u - 16, 3*u = -4*f + 64. What are the prime factors of f?
2
Suppose 0 = 5*u + 2*h - 740, 4*h - 96 = -2*u + 184. List the prime factors of u.
2, 3, 5
Let h(x) = 91 - 3*x + 9*x - 3*x - 5. List the prime factors of h(0).
2, 43
Suppose -5*m - 12 = -2*x - 0*m, x - 4*m = 6. Let s be (-4)/x + (-64)/(-24). Suppose 4*h + 5*n - 91 = 0, -3*n + s = h - 12. List the prime factors of h.
29
Suppose 18753 = 28*v - 9415. What are the prime factors of v?
2, 503
Suppose 18 + 2 = 5*k. Suppose 4*g - 6*g = 3*u - 95, 5*u = -k*g + 189. What are the prime factors of (-4 - 0)*g/(-8)?
23
Suppose -2*s = -s - 63. What are the prime factors of (-18)/s - 1446/(-14)?
103
Suppose 3*w + 2*o - 1210 = 0, 0 = -7*w + 9*w + 2*o - 808. List the prime factors of w.
2, 3, 67
Let w(k) = k**2 - 8*k + 8. Let i be w(7). Let z(h) = -173*h**2 - 2*h + 1. Let f be z(i). List the prime factors of f/(-6) + -1 + -1.
3
Let r be (128/(-40))/(2/15). Let o be 1/((-2)/r*4). Suppose o*n + n = 64. What are the prime factors of n?
2
Suppose 2366 = -12*g - 766. Let h = -12 - -6. What are the prime factors of ((-8)/(-12))/(h/g)?
29
Let d(p) = -p**3 - 33*p**2 + 24*p + 254. List the prime factors of d(-34).
2, 3, 11
Let d = 775 - 335. List the prime factors of d.
2, 5, 11
Let t = -6884 - -12783. List the prime factors of t.
17, 347
Suppose -4*l = -4*s + 9*s - 8367, -5*s + 15 = 0. List the prime factors of l.
2, 3, 29
Let y(q) = -q**2 - q + 21. Let x(r) = -r**3 + 2*r**2 + 6*r - 7. Let v be x(3). Suppose 3*k - 4*a = -4, -3*k + 0*a - v*a = -2. List the prime factors of y(k).
3, 7
Let m be 0 + 0 + (-120)/(-4). Suppose 0 = 3*j - 3*x - 441, 0 = 3*j + 4*x - m - 418. What are the prime factors of j?
2, 37
Let m = 44 + 9. Let i = 51 + m. List the prime factors of i.
2, 13
List the prime factors of ((-328)/(-10))/(38/285).
2, 3, 41
Let c(u) be the second derivative of u**5/10 - u**4/12 + u**3/2 + 5*u**2/2 + 8*u. Let w be c(-2). Let z = 44 + w. List the prime factors of z.
23
Suppose 3*d + 0*d - 36 = 0. Let m be (-40)/6 + d/18. List the prime factors of (-651)/(-15) - m/(-15).
43
Let t = 473 - 15. List the prime factors of t.
2, 229
Suppose 2*y = -2*y. Let m be y + 3 + (2 - 2). Suppose -v + 113 = 4*k, 7*k - m*k - 111 = v. What are the prime factors of k?
2, 7
Suppose 0 = 2*l - 4*o - 78, -3*o = -l - l + 74. Suppose 2*w = -5*n + l, 0*n - 4*n + 4 = 0. What are the prime factors of w?
13
Let a = 3 - -191. What are the prime factors of a?
2, 97
Let q(k) = -8*k + 10. Let o = -31 + 23. What are the prime factors of q(o)?
2, 37
Suppose -6 = n - 8. Let j(y) = -10 + y + 10*y + n - y**2. What are the prime factors of j(7)?
2, 5
Let u = 17 - 11. Suppose 0 = 2*r - 0 + u. What are the prime factors of (-10)/15 - 59/r?
19
Suppose -7*n + 4*n + 36 = 0. Let f = n - -14. Let o = f + 0. What are the prime factors of o?
2, 13
What are the prime factors of 1985 + 4 + (-7 - -4) + 1?
1987
Suppose 6 = -0*t + t. Let q(m) = -m**2 + 7*m - 4. Let f be q(t). Suppose 3 = -f*r + 19. List the prime factors of r.
2
Suppose 25 = 2*a - 4*h + 143, h = 5*a + 313. Let b = a + 93. List the prime factors of b.
2, 3, 5
Suppose 15 = 3*n, 2*n - 2265 - 8740 = -5*j. What are the prime factors of j?
3, 733
Let l(q) = -q**2 - 6*q + 9. Let o be l(-7). Let k(h) = 2*h + 4*h - 6 - o*h. What are the prime factors of k(6)?
2, 3
Suppose 3*w + 18175 = 5*j - w, -2*w - 10903 = -3*j. List the prime factors of j.
3631
Let t be (-3 + 16/12)*-3. Suppose -t*d + d = -72. Suppose -4*j = -7*j + d. List the prime factors of j.
2, 3
Suppose -3085 + 7909 = 8*t. What are the prime factors of t?
3, 67
Let k = 22 + 50. Let i be (-4)/(-2) - (-8 + 7). Suppose y + k = i*y. What are the prime factors of y?
2, 3
Suppose -719 + 7259 = 10*p. What are the prime factors of p?
2, 3, 109
Let j(o) = 191*o - 536. What are the prime factors of j(24)?
2, 11, 23
List the prime factors of 14/(-2) - (-10 - 12).
3, 5
Let h be 34/14 + 9/(-21). Suppose -n - 241 = -3*o, -2*o + o + 85 = h*n. What are the prime factors of o?
3
Let j = 235 - 182. What are the prime factors of j?
53
Let t be (-51 + 66)*(-4)/10*-8. Let n(b) = b**3 - 7*b**2 - 2*b + 10. Let u be n(7). Let g = t - u. List the prime factors of g.
2, 13
Let h = 1443 + 3044. What are the prime factors of h?
7, 641
Suppose 25 = 5*u - 2*f + 3*f, 0 = 5*f. Suppose -4*a = 21 - u. What are the prime factors of 6/a*114/(-9)?
19
Suppose 46*f + 49*f - 261250 = 0. What are the prime factors of f?
2, 5, 11
Suppose -w = -0 + 7. Let p(z) be the first derivative of z**4/4 + 8*z**3/3 + 5*z**2/2 - 2*z - 1. List the prime factors of p(w).
2, 3
Suppose 0 = -4*g + 8. Suppose -g*x + 128 + 40 = 0. What are the prime factors of x?
2, 3, 7
Let c = 2017 + -1198. List the prime factors of c.
3, 7, 13
Suppose 0 = -64*t + 71*t - 4746. What are the prime factors of t?
2, 3, 113
Let f(r) = -12*r + 3. Let v be f(2). Let l be ((-8)/6)/(7/v). Suppose 48 = -0*a + l*a. What are the prime factors of a?
2, 3
Let d(u) = u**2 + 4*u - 7. Suppose -2*q = q - 27. List the prime factors of d(q).
2, 5, 11
List the prime factors of 17 + 1944 - 8/(-2).
3, 5, 131
Let s = 5188 - 3104. List the prime factors of s.
2, 521
Suppose -4*y + 5 = 5*i + 14, 3*y = -3. What are the prime factors of (-45)/i - (6 - 2)?
41
Suppose -2*q = i + 6, 3*q + 2*q = -5*i - 15. Suppose i = -5*m + 14*m - 864. What are the prime factors of m?
2, 3
Suppose 67*k = 69*k - 944. List the prime factors of k.
2, 59
Suppose -2*l = -3*k + 267, -l - 43 - 78 = -4*k. List the prime factors of (-4 - 0) + 0 - l.
137
Let m(u) = -2*u - 41. Let x(o) = 2*o + 41. Let b(d) = 2*m(d) + 3*x(d). List the prime factors of b(-12).
17
Let v(a) = 6*a - 22. Let m be v(6). Let o = m + 23. What are the prime factors of o?
37
Let y = 1774 + 2